13130203021
In base 16, what is -3c2b2f + -2?
-3c2b31
In base 4, what is -330200002 + 21031?
-330112311
In base 5, what is -432 + -2000204?
-2001141
In base 2, what is 1000001100010 + 1100100110010?
10100110010100
In base 3, what is 2112102111111112 - -1202?
2112102111120021
In base 15, what is -1664 - 2a1d?
-4182
In base 13, what is 8a7 + 1c6a?
2844
In base 5, what is -313 + 333404?
333041
In base 14, what is -14c + -1d14?
-2062
In base 16, what is 2dcc4 + 97?
2dd5b
In base 9, what is -35 - 415332?
-415367
In base 12, what is -10 - -2149422?
2149412
In base 13, what is 33c + -13029?
-129ba
In base 6, what is -2434203 + -134?
-2434341
In base 7, what is -205065 + 0?
-205065
In base 8, what is 1123 - -130426?
131551
In base 10, what is 3 - -4719665?
4719668
In base 5, what is -443211042113 + 1?
-443211042112
In base 13, what is 4 + c78b0c?
c78b13
In base 14, what is -3a465 + -401?
-3a866
In base 16, what is -6a06d9d - -2?
-6a06d9b
In base 9, what is -31 + 6868317?
6868276
In base 8, what is 413036 + -1721?
411115
In base 15, what is -bec5e50 + -2?
-bec5e52
In base 8, what is -25460441 + 4?
-25460435
In base 4, what is 2311010001 - -102313?
2311112320
In base 16, what is -9557bc + 35?
-955787
In base 14, what is -14a - -648d?
6343
In base 13, what is 3a6299 + -2a?
3a626c
In base 4, what is 1102 - -10122121?
10123223
In base 5, what is -3411402331 - 3?
-3411402334
In base 6, what is -5 + 1040403535?
1040403530
In base 13, what is -349275 - -b?
-349267
In base 8, what is 41640 - 1262?
40356
In base 8, what is 430 + -764212?
-763562
In base 14, what is -811 + 25b1?
1ba0
In base 2, what is -1010001 - 11100000110110?
-11100010000111
In base 3, what is -10 + 1012221220002220?
1012221220002210
In base 4, what is -110310020201211 + -3?
-110310020201220
In base 16, what is -b239 - b9?
-b2f2
In base 9, what is 4464154 + -1?
4464153
In base 16, what is -121c9 + 1170?
-11059
In base 14, what is -1b + -5d07c9?
-5d0806
In base 12, what is -159a17 + 49?
-15998a
In base 4, what is 12230302313 + 100?
12230303013
In base 10, what is -20 + 3839011?
3838991
In base 7, what is -15656 - -515?
-15141
In base 2, what is -1011100101111111 + -1000001100?
-1011101110001011
In base 7, what is 1112 - 1004150?
-1003035
In base 16, what is 62 - 20be?
-205c
In base 12, what is -2 + 1794871?
179486b
In base 2, what is -100111 - 110001011111100000011?
-110001011111100101010
In base 3, what is 12 - 12110120220002110?
-12110120220002021
In base 6, what is -30444231 - 34?
-30444305
In base 3, what is -111010202021020 + 21?
-111010202020222
In base 10, what is -12578 - -696?
-11882
In base 14, what is -b289878 - 0?
-b289878
In base 7, what is 106252161 + 4?
106252165
In base 9, what is -7 + -12415868?
-12415876
In base 5, what is -41214230 + -4142?
-41223422
In base 5, what is 101 - 14024442?
-14024341
In base 12, what is -85a34 + -109?
-85b41
In base 6, what is 2423302 - 300?
2423002
In base 13, what is -162154b - 4c?
-162159a
In base 2, what is -100100010 + -11011101110111110011?
-11011101111100010101
In base 11, what is a273 - -637?
a8aa
In base 7, what is -14162 + 110501?
63306
In base 11, what is 556571 - 29?
556543
In base 14, what is 1978a + 5c3?
19d6d
In base 4, what is -23213003 - -33023?
-23113320
In base 16, what is 2e1782a + -3?
2e17827
In base 6, what is -14233 + -32552?
-51225
In base 4, what is 111131 + -3033230?
-2322033
In base 8, what is -12 + -22452650?
-22452662
In base 15, what is cc + -18c672?
-18c595
In base 2, what is 10 - 1100010010101101100110000?
-1100010010101101100101110
In base 11, what is 313347 - -a?
313356
In base 12, what is -a105b830 + -2?
-a105b832
In base 6, what is -235343101 - -5?
-235343052
In base 9, what is -3323 - -680435?
676112
In base 6, what is 3 + 201225442?
201225445
In base 14, what is 54d3a + -297?
54a83
In base 5, what is 4 - 204403332430?
-204403332421
In base 16, what is -2eb296 + a?
-2eb28c
In base 10, what is 0 + -15197359?
-15197359
In base 12, what is 1547a + -1a03?
13677
In base 10, what is 1050545 + 10?
1050555
In base 10, what is -13 - 5972257?
-5972270
In base 8, what is 57315 - -136?
57453
In base 13, what is 1 + b82473?
b82474
In base 11, what is a50909 - 29?
a50890
In base 7, what is -5 + -315636165?
-315636203
In base 12, what is 88 + -292b8?
-29230
In base 5, what is -34423143104 + 3?
-34423143101
In base 14, what is 1384 - -4d2?
1876
In base 9, what is -152245 - 3301?
-155546
In base 7, what is -663 - -13265153?
13264160
In base 15, what is 1e6165 - 23?
1e6142
In base 4, what is 20313101202 + 1031?
20313102233
In base 9, what is 12 - -7852584?
7852606
In base 9, what is -51784078 + -1?
-51784080
In base 10, what is -143 - -1111723?
1111580
In base 11, what is 171 + -176798?
-176627
In base 13, what is -29 + -1c95a5?
-1c9601
In base 15, what is -10c0 - 1337?
-2407
In base 7, what is 301530 + -414?
301113
In base 14, what is -1b090d4 + 27?
-1b090ab
In base 4, what is 11133003 - -10110?
11203113
In base 2, what is 11001101001101000 + -10011111110?
11001010101101010
In base 6, what is 133003212 + -102?
133003110
In base 15, what is 6174e94 + 1?
6174e95
In base 4, what is 1311230100 - -333?
1311231033
In base 13, what is 3c - -150b1b?
150b5a
In base 3, what is 2120011102101 - -1002?
2120011110110
In base 7, what is 1660 + -14340?
-12350
In base 7, what is -40040332 - -2?
-40040330
In base 13, what is 4 - 3622685?
-3622681
In base 8, what is 17 - 123351352?
-123351333
In base 15, what is -1603858 + 2?
-1603856
In base 9, what is -42178233 + 10?
-42178223
In base 4, what is -1212 - 31203302?
-31211120
In base 2, what is 1110100011111110010101 - -11?
1110100011111110011000
In base 13, what is -26 - -3656a0?
365677
In base 4, what is 0 + -20223220101?
-20223220101
In base 9, what is 3 + 13265050?
13265053
In base 8, what is 241173234 - 5?
241173227
In base 15, what is 191cd - -22?
19200
In base 9, what is 278 - -558232?
558521
In base 5, what is -12420 + 13342?
422
In base 14, what is 4 - 17d4c2?
-17d4bc
In base 14, what is -47881784 - -2?
-47881782
In base 7, what is 241535653 + 53?
241536036
In base 3, what is 221 + 111011112211?
111011120202
In base 13, what is 17873 - 47?
17829
In base 3, what is 1001011201122 - 1101?
1001011200021
In base 13, what is -30 + 1446c8?
144698
In base 5, what is -2131 + 344443?
342312
In base 2, what is -1010011 + -1110110110000001110?
-1110110110001100001
In base 9, what is -1235 + -6608?
-7844
In base 3, what is -1001212 - -1202000?
200011
In base 8, what is -27404 + 151?
-27233
In base 15, what is 1262106a + -4?
12621066
In base 8, what is -1363374512 + 1?
-1363374511
In base 13, what is -116685c - 70?
-11668cc
In base 5, what is -3321303000421 - -4?
-3321303000412
In base 5, what is -2143322242 + 3?
-2143322234
In base 12, what is -2807732 + 18?
-2807716
In base 15, what is 50 - -678bb?
6791b
In base 4, what is -102230300 - -123?
-102230111
In base 11, what is -1463977 + -14?
-1463990
In base 2, what is -10000101 + 10000110010100011101?
10000110010010011000
In base 8, what is -1627153 + -11?
-1627164
In base 4, what is 0 - 31102333?
-31102333
In base 4, what is 121300302 + -10122?
121230120
In base 5, what is -203042 - -10243?
-142244
In base 14, what is -26 - -25893?
2586b
In base 12, what is -756a0541 + 3?
-756a053a
In base 12, what is 206900 + 6?
206906
In base 11, what is -5529 - -798?
-4841
In base 6, what is -1314 + -10422433?
-10424151
In base 3, what is 1020012021 + -1100022?
1011211222
In base 6, what is 42 + 315520?
320002
In base 6, what is 504 + 111500113?
111501021
In base 13, what is 0 - -54b42a?
54b42a
In base 11, what is -1429 - -1246a?
11041
In base 3, what is -20022211 - 2112?
-20102100
In base 10, what is -11686929 + 0?
-11686929
In base 2, what is -111101 - 10010001010100011?
-10010001011100000
In base 13, what is 9 + 38c5b0b?
38c5b17
In base 3, what is -11102210000212 - -10?
-11102210000202
In base 7, what is -62 - 364155363?
-364155455
In base 8, what is -226 - -500616?
500370
In base 8, what is -12 - -251700?
251666
In base 4, what is -133111120 - -32?
-133111022
In base 15, what is 12c52d0 + -5?
12c52ca
In base 2, what is -100 + 10000111111100011010110101?
10000111111100011010110001
In base 4, what is -1033121 - -210010?
-223111
In base 15, what is 10c9 - -83c